a factor of 139?
False
Is 185 a factor of 27949?
False
Is 1451 a multiple of 54?
False
Does 13 divide 933?
False
Does 5 divide 8545?
True
Does 92 divide 1012?
True
Is 45 a factor of 1170?
True
Does 26 divide 22683?
False
Is 162 a factor of 39106?
False
Is 33 a factor of 503?
False
Is 35 a factor of 3325?
True
Does 68 divide 56644?
True
Is 40 a factor of 21720?
True
Does 92 divide 1932?
True
Is 8169 a multiple of 7?
True
Is 29232 a multiple of 21?
True
Is 2156 a multiple of 22?
True
Is 71 a factor of 1267?
False
Does 17 divide 11257?
False
Does 14 divide 835?
False
Is 14701 a multiple of 23?
False
Is 71 a factor of 2769?
True
Does 6 divide 570?
True
Is 100 a factor of 17400?
True
Is 19158 a multiple of 31?
True
Does 16 divide 2836?
False
Is 11 a factor of 1954?
False
Is 28 a factor of 33332?
False
Is 15 a factor of 3330?
True
Is 18 a factor of 166?
False
Is 16212 a multiple of 12?
True
Does 31 divide 465?
True
Does 13 divide 25038?
True
Is 259 a multiple of 34?
False
Does 36 divide 10881?
False
Is 171 a factor of 25810?
False
Is 814 a multiple of 22?
True
Does 231 divide 11781?
True
Does 17 divide 3400?
True
Is 21 a factor of 5343?
False
Is 51421 a multiple of 55?
False
Is 92538 a multiple of 97?
True
Is 21 a factor of 294?
True
Is 13346 a multiple of 88?
False
Is 26998 a multiple of 89?
False
Does 19 divide 91?
False
Does 6 divide 188?
False
Is 6 a factor of 480?
True
Is 7 a factor of 1421?
True
Is 13911 a multiple of 2?
False
Does 83 divide 2849?
False
Is 5 a factor of 68?
False
Is 6 a factor of 4508?
False
Is 3130 a multiple of 58?
False
Does 14 divide 462?
True
Is 18 a factor of 473?
False
Is 58 a factor of 9512?
True
Is 54 a factor of 8480?
False
Is 7 a factor of 3021?
False
Does 11 divide 4400?
True
Is 7047 a multiple of 72?
False
Is 15 a factor of 9711?
False
Does 48 divide 1920?
True
Is 2963 a multiple of 6?
False
Is 19 a factor of 121?
False
Is 57 a factor of 5871?
True
Is 904 a multiple of 11?
False
Is 2 a factor of 455?
False
Is 828 a multiple of 23?
True
Is 10 a factor of 2715?
False
Is 9 a factor of 5838?
False
Is 104 a factor of 5016?
False
Does 87 divide 1827?
True
Is 220 a multiple of 5?
True
Is 1088 a multiple of 18?
False
Is 22133 a multiple of 19?
False
Is 19899 a multiple of 99?
True
Does 113 divide 42827?
True
Is 4 a factor of 1080?
True
Does 16 divide 2512?
True
Does 18 divide 16726?
False
Does 4 divide 132?
True
Does 8 divide 768?
True
Is 28429 a multiple of 52?
False
Is 199992 a multiple of 63?
False
Is 42 a factor of 10122?
True
Does 34 divide 2890?
True
Does 13 divide 6201?
True
Does 39 divide 68796?
True
Does 29 divide 10846?
True
Is 44 a factor of 13562?
False
Does 59 divide 9744?
False
Does 185 divide 18870?
True
Does 69 divide 600?
False
Is 8 a factor of 925?
False
Is 6 a factor of 1452?
True
Does 75 divide 47400?
True
Does 5 divide 284?
False
Is 636 a multiple of 12?
True
Is 1920 a multiple of 24?
True
Is 92 a factor of 41983?
False
Is 2768 a multiple of 8?
True
Is 1483 a multiple of 60?
False
Does 90 divide 18719?
False
Does 15 divide 195?
True
Is 16 a factor of 5264?
True
Is 17628 a multiple of 12?
True
Does 4 divide 782?
False
Is 5 a factor of 108?
False
Does 42 divide 6846?
True
Does 24 divide 48?
True
Is 14 a factor of 505?
False
Is 11 a factor of 772?
False
Does 7 divide 2723?
True
Is 12 a factor of 556?
False
Is 6 even?
True
Does 9 divide 873?
True
Does 66 divide 35310?
True
Does 46 divide 9328?
False
Does 6 divide 861?
False
Does 4 divide 3394?
False
Is 2392 a multiple of 23?
True
Does 55 divide 47960?
True
Does 2 divide 183?
False
Is 66 a factor of 2531?
False
Is 36 a factor of 468?
True
Is 13 a factor of 234?
True
Is 1430 a multiple of 29?
False
Is 35530 a multiple of 34?
True
Is 5 a factor of 88?
False
Does 9 divide 1567?
False
Is 4962 a multiple of 130?
False
Does 3 divide 1577?
False
Does 7 divide 168?
True
Does 16 divide 631?
False
Does 18 divide 1062?
True
Does 13 divide 3445?
True
Does 25 divide 9551?
False
Does 22 divide 2332?
True
Is 6078 a multiple of 23?
False
Is 3703 a multiple of 23?
True
Does 43 divide 10206?
False
Is 34 a factor of 1737?
False
Is 64 a factor of 19581?
False
Is 28 a factor of 591?
False
Is 5 a factor of 155?
True
Does 58 divide 5568?
True
Is 74 a factor of 1332?
True
Does 43 divide 817?
True
Does 10 divide 37570?
True
Is 2194 a multiple of 7?
False
Is 18920 a multiple of 172?
True
Is 11 a factor of 1865?
False
Does 118 divide 763?
False
Is 431 a multiple of 12?
False
Is 84 a factor of 810?
False
Is 77 a multiple of 11?
True
Is 12 a factor of 3681?
False
Is 7830 a multiple of 10?
True
Does 8 divide 1342?
False
Does 7 divide 16192?
False
Is 28 a multiple of 19?
False
Is 48 a factor of 1584?
True
Is 10064 a multiple of 16?
True
Does 15 divide 6720?
True
Is 54 a factor of 540?
True
Is 28 a factor of 55636?
True
Is 16 a factor of 2368?
True
Does 14 divide 21448?
True
Is 37 a factor of 19943?
True
Does 35 divide 3150?
True
Is 18818 a multiple of 163?
False
Is 6 a factor of 456?
True
Does 12 divide 58702?
False
Is 4938 a multiple of 14?
False
Is 12798 a multiple of 9?
True
Does 52 divide 8361?
False
Does 7 divide 8855?
True
Is 102 a factor of 2287?
False
Is 17 a factor of 39196?
False
Is 30290 a multiple of 10?
True
Is 318 a multiple of 11?
False
Does 91 divide 1001?
True
Is 210 a multiple of 6?
True
Is 10 a factor of 27490?
True
Does 154 divide 5214?
False
Is 2 a factor of 1258?
True
Is 1118 a multiple of 24?
False
Does 50 divide 53500?
True
Is 168 a multiple of 8?
True
Does 17 divide 2448?
True
Does 27 divide 656?
False
Is 32 a factor of 2592?
True
Is 91 a factor of 629?
False
Does 44 divide 2024?
True
Is 19438 a multiple of 232?
False
Is 6 a factor of 480?
True
Is 3 a factor of 368?
False
Is 22 a factor of 2816?
True
Does 36 divide 36?
True
Is 14 a factor of 1806?
True
Is 20 a factor of 10040?
True
Is 272 a multiple of 31?
False
Does 17 divide 6882?
False
Is 36641 a multiple of 11?
True
Is 1196 a multiple of 13?
True
Does 36 divide 320?
False
Is 27 a multiple of 3?
True
Does 6 divide 880?
False
Is 9 a factor of 53442?
True
Is 1115 a multiple of 3?
False
Is 1158 a multiple of 6?
True
Is 203 a multiple of 71?
False
Does 30 divide 14889?
False
Is 25806 a multiple of 34?
True
Does 59 divide 628?
False
Does 9 divide 546?
False
Does 8 divide 1772?
False
Does 9 divide 49626?
True
Does 13 divide 17030?
True
Is 13 a factor of 1391?
True
Does 13 divide 390?
True
Does 41 divide 738?
True
Is 46 a factor of 3036?
True
Does 86 divide 2752?
True
Is 197 a factor of 5430?
False
Is 2400 a multiple of 75?
True
Does 41 divide 4055?
False
Is 222 a factor of 5406?
False
Does 105 divide 7245?
True
Is 2543 a multiple of 3?
False
Is 4827 a multiple of 92?
False
Does 41 divide 492?
True
Does 4 divide 1819?
False
Is 507 a multiple of 10?
False
Is 56 a factor of 896?
True
Is 128 a factor of 8587?
False
Is 61 a factor of 5915?
False
Is 1321 a multiple of 3?
False
Is 1038 a multiple of 35?
False
Does 118 divide 27376?
True
Does 11 divide 1474?
True
Does 7 divide 1908?
False
Is 2990 a multiple of 130?
True
Does 29 divide 1305?
True
Is 82 a factor of 76950?
False
Is 74 a factor of 7061?
False
Is 69 a multiple of 6?
False
Is 895 even?
False
Does 12 divide 6636?
True
Does 30 divide 137?
False
Does 85 divide 15698?
False
Is 2186 a multiple of 19?
False
Is 86 a factor of 42704?
False
Is 733 a multiple of 28?
False
Is 124 a factor of 6200?
True
Is 15 a factor of 1377?
False
Is 792 a multiple of 33?
True
Is 10566 a multiple of 25?
False
Is 2341 a multiple of 3?
False
Is 5 a factor of 694?
False
Is 4 a factor of 4650?
False
Is 445 a multiple of 13?
False
Is 1535 a multiple of 14?
False
Is 67 a multiple of 7?
False
Is 168 a factor of 26376?
True
Is 9 a factor of 23338?
False
Does 88 divide 156?
False
Is 6 a factor of 71558?
False
Is 5204 a multiple of 4?
True
Is 1956 a multiple of 12?
True
Is 904 a multiple of 8?
True
Does 5 divide 412?
False
Is 105 a factor of 6252?
False
Is 52 a factor of 3948?
False
Does 11 divide 5188?
False
Does 18 divide 617?
False
Does 2 divide 786?
True
Is 6 a factor of 22348?
False
Is 21 a factor of 58611?
True
Is 18 a factor of 4464?
True
Is 164 a factor of 27388?
True
Is 2496 a multiple of 39?
True
Is 3 a factor of 158?
False
Does 32 divide 1120?
True
Is 624 a multiple of 12?
True
Does